o + 38. Calculate the remainder when 80 is divided by o.
4
Let p(y) = -y**2 - 40*y - 163. What is the remainder when p(-34) is divided by 5?
1
Suppose -2*p + p + u + 18 = 0, 0 = -3*p + 5*u + 50. What is the remainder when 335 is divided by p?
15
Let t be (3 + -3 + 24)/(-1). Let a = -22 - t. Calculate the remainder when 5 is divided by a.
1
Suppose 0 = -4*d + 66 - 42. Let x(j) = -2*j**2 + 13*j - 1. Calculate the remainder when 17 is divided by x(d).
2
Let y be (2 + -1)*50/10. Suppose -y*p = -18 - 57. Calculate the remainder when (-21*10/(-45))/(1/6) is divided by p.
13
Let n(q) = 251*q - 2*q**3 + 3 + q**3 - 245*q + 5*q**2. Let d = 19 - 6. Calculate the remainder when d is divided by n(6).
1
Let o = -4 + 10. Suppose 44 = 4*r + m, -5*m + 15 = -5. Suppose 64 = -o*s + r*s. Calculate the remainder when s is divided by 6.
4
Suppose 5*g - 31 = -2*y + 25, 3*y = 2*g - 30. Calculate the remainder when 41 is divided by g.
5
Suppose -15 = -4*i - 179. Let o = 62 + i. What is the remainder when 80 is divided by o?
17
Suppose -551 = -14*v + 51. What is the remainder when 100 is divided by v?
14
Let l(w) = 3*w**2 - 8*w + 2. What is the remainder when l(4) is divided by 11?
7
Let i(l) = -3*l - 5. Let u be (1*-1)/(15/165). What is the remainder when 110 is divided by i(u)?
26
Let g(r) be the first derivative of r**4/4 + 4*r**3/3 + 2*r**2 + 4*r - 10. What is the remainder when 250/15 + 3/9 is divided by g(-2)?
1
Let h = -23 - -8. Let p(v) = 7*v**2 + 7*v - 29. Let o(f) = 6*f**2 + 8*f - 28. Let g(a) = 6*o(a) - 5*p(a). Calculate the remainder when 32 is divided by g(h).
4
Let y(v) = v**2 + 9*v + 22. Let c(d) = d**2 + 7*d + 8. Calculate the remainder when y(-9) is divided by c(-7).
6
Let x = -183 + 195. What is the remainder when 44 is divided by x?
8
Let g be 1 - 4 - (-37 - 7). Let j = -36 + g. What is the remainder when 28 is divided by j?
3
Let l(a) = 30*a. Let f be l(-1). Let w = -14 - f. Calculate the remainder when 177*8*(-9)/(-216) is divided by w.
11
Let g = 7 - 5. Suppose g*o = 2*p - 42, 5*p - 3*o = 3*p + 40. Let c(d) = 4*d. What is the remainder when p is divided by c(2)?
7
Let o(v) = 2*v - 4. Let a be o(3). Let i be -4*((-357)/4)/7. Suppose z + a*u - 55 = 0, 4*z + 4*u - i = 3*z. What is the remainder when z is divided by 12?
11
Let x(v) = v**2 + 3*v - 21. Calculate the remainder when 123 is divided by x(-11).
56
Suppose d = 2*p - 189, 0 = -3*p - 6*d + 7*d + 282. What is the remainder when 464 is divided by p?
92
Suppose -3*i + 42 - 6 = 0. Suppose 0*g + 2*g = 4, 4*g = s - 46. Suppose -4*c + 4*h + 184 = 0, 0*c + c = 3*h + s. What is the remainder when c is divided by i?
6
Suppose s = -2*d - 10, 3*s - 40 = 5*d - 2*s. Let j = d - -17. What is the remainder when j is divided by 3?
2
Let n be 2 + 0 - 0*(-7)/(-14). Let h be 34/8 + (-2)/8. Suppose -20 = -n*b + h. Calculate the remainder when 21 is divided by b.
9
Suppose 2*k - 2 - 8 = 0. Suppose k*d - 60 = 55. Let g = 32 - d. What is the remainder when 25 is divided by g?
7
Let f = -715 - -742. Calculate the remainder when 102 is divided by f.
21
What is the remainder when ((-1114)/6)/(54/(-162)) is divided by 16?
13
Let s = 12 + -10. Suppose -s*c + 45 = 5*z, -c - 4*z - 2 = -29. Calculate the remainder when 59 is divided by c.
14
Let n be 77/42 + 1/6. Suppose 2*g + 2 = 3*s, n*s - 3*g + 7*g = -4. What is the remainder when 10 is divided by (12 + s)*2/4?
4
Suppose -3*r = 4*v - 371, -4*v + 102 = 5*r - 279. Calculate the remainder when 445 is divided by v.
0
Let y = 84 - 6. Calculate the remainder when y is divided by 7.
1
Suppose -40*j + 45*j = 205. Suppose -3*k + 3*s = -225, -k + 5*s + 296 = 3*k. What is the remainder when k is divided by j?
38
Suppose 0 = 8*u - 392 + 64. Calculate the remainder when u is divided by 17.
7
Let a(h) = -6*h - 2. Calculate the remainder when 42 is divided by a(-2).
2
Calculate the remainder when 13/117 + 3869/9 + 0 is divided by 108.
106
Let i be (-132)/(-30) - 2/5. Suppose i*t - 25 + 1 = 0. Let n(o) = -o**3 + 5*o**2 + 6*o + 11. What is the remainder when 29 is divided by n(t)?
7
Let t(a) = 12*a - 163. Let k(s) = -s**2 - 17*s - 9. Calculate the remainder when t(19) is divided by k(-14).
32
Let l(u) = -u**3 - 28*u**2 - 42*u + 24. What is the remainder when l(-27) is divided by 43?
42
Let k(s) = -6*s**2 - 62*s + 10. Calculate the remainder when 58 is divided by k(-10).
28
Suppose -5*f - 42 = -4*r, 0 = 5*r - f - f - 44. Suppose s - 21 = -r. Calculate the remainder when s is divided by 2.
1
Let l be (7 - 5) + -1 + 1. Suppose 3*j = 7 + l. Calculate the remainder when 49 is divided by j.
1
Let h = 928 - 907. Calculate the remainder when (-816)/18*(-9)/4 is divided by h.
18
Let s = 82 - 77. Suppose -3*l + 4*h = -59, -3*l = 5*h - 63 - s. What is the remainder when 31 is divided by l?
10
Let m = 26 + -28. Let v be (1 - m) + 16/8. Suppose -v*i + 22 = -4*i. What is the remainder when i is divided by 5?
2
Suppose 0 = 5*l - 5*k - 45, l - 5*k + 1 = -6. Calculate the remainder when 44/6*(11 - (-2 - -10)) is divided by l.
9
Let v = 20 + -31. Let c be -1*v/((-22)/20). What is the remainder when -1*(c - (-1 + 2)) is divided by 2?
1
Let a(z) = 2*z**2 - 4*z - 23. Calculate the remainder when 118 is divided by a(6).
18
What is the remainder when (-25)/30*22*-3 is divided by 54?
1
Suppose -12*u - 88 = -u. Suppose 5*q - 5 = 3*j + 2*j, 5*q - 4*j - 1 = 0. What is the remainder when 23 is divided by u/q*(-1 - -4)?
7
Suppose 333*y = 329*y + 64. What is the remainder when 157 is divided by y?
13
Suppose 3 = y - 2. Suppose 4*h - y = 11. Calculate the remainder when 7 is divided by h.
3
Suppose g + 46 = -0*g + 2*h, g + 50 = -2*h. Let x = -37 - g. Calculate the remainder when x is divided by 5.
1
Let r = -1589 - -1954. Calculate the remainder when r is divided by 61.
60
Let o(l) = -22*l - 23. Calculate the remainder when 333 is divided by o(-2).
18
Let m be (28/12)/((-1)/(-3)). Suppose 3*b - 31 = 2*b - u, b - 5*u = m. What is the remainder when b is divided by 15?
12
Let x = 65 - -13. Calculate the remainder when x is divided by 352/18 + 2 + (-112)/72.
18
Let x = 142 + -130. What is the remainder when 21 is divided by x?
9
Let j = -19 - -17. Let t(x) = -2*x**3 - x. Calculate the remainder when ((-6)/4)/((-6)/280) is divided by t(j).
16
Suppose -442 + 154 = -3*l. Calculate the remainder when l is divided by 11.
8
Suppose 5*b = -5*r + 25, -2*r - 4*b = -r + 1. What is the remainder when r is divided by 8 - 2 - (-1 + 3)?
3
Calculate the remainder when 211 is divided by (-15)/(-10)*(2 + (-246)/(-9)).
35
Suppose -2*q + 5*y = -18, -15 - 16 = -q - 3*y. Let n(c) = -5*c + 12. What is the remainder when n(-5) is divided by q?
18
Let a = -386 - -522. What is the remainder when a is divided by 85?
51
Let g = 17 + -8. What is the remainder when g is divided by ((-25)/(-5))/(2 + 5/10)?
1
Suppose y + 3*y - 2*t = 0, -2*y = -4*t. Suppose y = -z - 27 + 72. Suppose -5*v + 3 = -112. What is the remainder when z is divided by v?
22
Suppose -4*m = 3*o - 30, 4*o = o - 2*m + 36. Let b(k) = -43*k + 439. What is the remainder when o is divided by b(10)?
5
Suppose 0 = u + 4*g - 79, 14*g = -3*u + 13*g + 226. What is the remainder when 100 is divided by u?
25
Let g(s) = 24*s**2 + 2*s + 4. Let t be g(-2). Suppose -5*b + 13*b - t = 0. What is the remainder when b is divided by 4?
0
What is the remainder when (-423)/(-2) + 650/(-260) is divided by 77?
55
Suppose 0 = -100*d + 97*d + 54. Calculate the remainder when 46 is divided by d.
10
Let i(t) = 10*t**2 + 5*t + 8. Calculate the remainder when 147 is divided by i(-2).
33
Let m(g) be the third derivative of g**4/8 - 2*g**3/3 - 13*g**2. Let a(h) = h + 7. Calculate the remainder when a(0) is divided by m(3).
2
Suppose 12*o - 34 = 2. Suppose -10 = -o*w + 146. Calculate the remainder when w is divided by 14.
10
Let f = -264 + 468. Suppose 0 = -2*h + 3*w + f, 5*h - 4*w = -3*w + 484. What is the remainder when h is divided by 33?
30
Suppose -h + 48 = 5. What is the remainder when h is divided by 11?
10
Suppose -162 = -4*i - 23*i. Calculate the remainder when 359 is divided by i.
5
Let v(b) = -14*b + 6. What is the remainder when v(-27) is divided by 65?
59
Let c = 253 + -248. What is the remainder when 152 is divided by c?
2
Let l = -92 - -88. What is the remainder when 195 is divided by l + 3 - 0 - 